{"id":2018,"date":"2025-06-04T13:13:11","date_gmt":"2025-06-04T11:13:11","guid":{"rendered":"https:\/\/katecheza.diecezja.lublin.pl\/?page_id=2018"},"modified":"2025-08-21T11:53:37","modified_gmt":"2025-08-21T09:53:37","slug":"dokumenty-zatrudnienie","status":"publish","type":"page","link":"https:\/\/katecheza.diecezja.lublin.pl\/index.php\/dokumenty-zatrudnienie\/","title":{"rendered":"Dokumenty zatrudnienie"},"content":{"rendered":"<div class=\"woocommerce\">\n    \n    <section class=\"u-clearfix u-valign-top-lg u-valign-top-md u-valign-top-sm u-valign-top-xs u-white u-section-2\" id=\"block-3\">\n      <img decoding=\"async\" class=\"custom-expanded u-image u-image-1\" src=\"https:\/\/katecheza.diecezja.lublin.pl\/wp-content\/uploads\/2025\/05\/image_with_white_gradient_border_2.png\" data-image-width=\"2000\" data-image-height=\"672\">\n      <p class=\"u-custom-font u-font-merriweather u-text u-text-custom-color-7 u-text-default u-text-1\">Katecheza Archidiecezji Lubelskiej<\/p>\n    <\/section>\n    <section class=\"u-align-left u-clearfix u-container-align-left u-grey-10 u-section-3\" id=\"block-6\">\n      <div class=\"u-clearfix u-sheet u-valign-middle u-sheet-1\">\n        <p class=\"u-text u-text-default u-text-1\">PRO\u015aBA O WYDANIE SKIEROWANIA do nauczania religii w szkole -<a href=\"https:\/\/katecheza.diecezja.lublin.pl\/wp-content\/uploads\/2025\/08\/FORMULARZPROBYOWYDANIEMISJI2025.pdf\" class=\"u-active-none u-border-none u-btn u-button-link u-button-style u-file-link u-hover-none u-none u-text-palette-1-base u-btn-1\"> Pobierz <\/a>\n        <\/p>\n        <p class=\"u-text u-text-2\">PRO\u015aBA O COFNI\u0118CIE SKIEROWANIA do nauczania religii w szkole -<a href=\"https:\/\/katecheza.diecezja.lublin.pl\/wp-content\/uploads\/2025\/08\/PROBAOCOFNICIESKIEROWANIA2025.pdf\" class=\"u-active-none u-border-none u-btn u-button-link u-button-style u-file-link u-hover-none u-none u-text-palette-1-base u-btn-2\"> Pobierz<\/a>\n        <\/p>\n        <p class=\"u-text u-text-3\">KARTA INFORMACYJNA KATECHETY - <a href=\"https:\/\/katecheza.diecezja.lublin.pl\/wp-content\/uploads\/2025\/08\/KARTAINFORMACYJNAKATECHETY2025-1.pdf\" class=\"u-active-none u-border-none u-btn u-button-link u-button-style u-file-link u-hover-none u-none u-text-palette-1-base u-btn-3\">Pobierz<\/a>\n        <\/p>\n        <p class=\"u-text u-text-4\">INFORMACJA O CZASOWEJ PRZERWIE W PRACY - <a href=\"https:\/\/katecheza.diecezja.lublin.pl\/wp-content\/uploads\/2025\/08\/INFORMACJAOCZASOWEJPRZERWIEWPRACY2025-1.pdf\" class=\"u-active-none u-border-none u-btn u-button-link u-button-style u-file-link u-hover-none u-none u-text-palette-1-base u-btn-4\">Pobierz<\/a>\n        <\/p>\n      <\/div>\n    <\/section>\n    <section class=\"u-align-left u-clearfix u-container-align-left u-grey-10 u-section-4\" id=\"sec-e51f\">\n      <div class=\"u-clearfix u-sheet u-valign-bottom-lg u-valign-bottom-md u-valign-bottom-sm u-valign-bottom-xs u-sheet-1\"><\/div>\n    <\/section>\n    \n    \n    \n    \n  \n<\/div>","protected":false},"excerpt":{"rendered":"<p>Katecheza Archidiecezji Lubelskiej PRO\u015aBA O WYDANIE SKIEROWANIA do nauczania religii w szkole &#8211; Pobierz PRO\u015aBA O COFNI\u0118CIE SKIEROWANIA do nauczania religii w szkole &#8211; Pobierz KARTA INFORMACYJNA KATECHETY &#8211; Pobierz INFORMACJA O CZASOWEJ PRZERWIE W PRACY &#8211; Pobierz<\/p>\n","protected":false},"author":1,"featured_media":0,"parent":0,"menu_order":0,"comment_status":"closed","ping_status":"closed","template":"","meta":{"footnotes":""},"class_list":["post-2018","page","type-page","status-publish","hentry"],"_links":{"self":[{"href":"https:\/\/katecheza.diecezja.lublin.pl\/index.php\/wp-json\/wp\/v2\/pages\/2018","targetHints":{"allow":["GET"]}}],"collection":[{"href":"https:\/\/katecheza.diecezja.lublin.pl\/index.php\/wp-json\/wp\/v2\/pages"}],"about":[{"href":"https:\/\/katecheza.diecezja.lublin.pl\/index.php\/wp-json\/wp\/v2\/types\/page"}],"author":[{"embeddable":true,"href":"https:\/\/katecheza.diecezja.lublin.pl\/index.php\/wp-json\/wp\/v2\/users\/1"}],"replies":[{"embeddable":true,"href":"https:\/\/katecheza.diecezja.lublin.pl\/index.php\/wp-json\/wp\/v2\/comments?post=2018"}],"version-history":[{"count":9,"href":"https:\/\/katecheza.diecezja.lublin.pl\/index.php\/wp-json\/wp\/v2\/pages\/2018\/revisions"}],"predecessor-version":[{"id":2778,"href":"https:\/\/katecheza.diecezja.lublin.pl\/index.php\/wp-json\/wp\/v2\/pages\/2018\/revisions\/2778"}],"wp:attachment":[{"href":"https:\/\/katecheza.diecezja.lublin.pl\/index.php\/wp-json\/wp\/v2\/media?parent=2018"}],"curies":[{"name":"wp","href":"https:\/\/api.w.org\/{rel}","templated":true}]}}