{"id":2001,"date":"2025-06-04T13:11:41","date_gmt":"2025-06-04T11:11:41","guid":{"rendered":"https:\/\/katecheza.diecezja.lublin.pl\/?page_id=2001"},"modified":"2025-12-12T13:06:00","modified_gmt":"2025-12-12T12:06:00","slug":"centrum-katechetyczne-w-lublinie","status":"publish","type":"page","link":"https:\/\/katecheza.diecezja.lublin.pl\/index.php\/centrum-katechetyczne-w-lublinie\/","title":{"rendered":"Centrum katechetyczne w Lublinie"},"content":{"rendered":"<div class=\"woocommerce\">\n    \n    <section class=\"u-clearfix u-valign-top-lg u-white u-section-2\" id=\"block-3\">\n      <img decoding=\"async\" class=\"custom-expanded u-image u-image-1\" src=\"https:\/\/katecheza.diecezja.lublin.pl\/wp-content\/uploads\/2025\/05\/image_with_white_gradient_border_2.png\" data-image-width=\"2000\" data-image-height=\"672\">\n      <p class=\"u-align-center-md u-align-center-sm u-align-center-xs u-custom-font u-font-merriweather u-text u-text-custom-color-7 u-text-default-lg u-text-default-xl u-text-1\">Katecheza Archidiecezji Lubelskiej<\/p>\n    <\/section>\n    <section class=\"u-clearfix u-section-3\" id=\"block-7\">\n      <div class=\"u-clearfix u-sheet u-valign-middle-xl u-valign-top-lg u-valign-top-md u-valign-top-sm u-valign-top-xs u-sheet-1\">\n        <p class=\"u-text u-text-1\">Centrum Katechetyczne mie\u015bci si\u0119 na dolnym placu Kurii Metropolitalnej w Lublinie<br>\n          <br>ul. Prym. Stefana Wyszy\u0144skiego 2<br>20 - 105 Lublin<br>\n          <br><span style=\"font-weight: 700;\">Doradca metodyczny:<\/span>\n          <br>\n          <br>ks. dr Pawe\u0142 Hodorek&nbsp;<br>tel. 513 747 962<br>e-mail: phodorek@lscdn.pl<br>\n          <br><span style=\"font-weight: 700;\">Eksperci ds. awansu zawodowego nauczycieli:<\/span>\n          <br>\n          <br>ks. mgr lic. Zdzis\u0142aw Kuczko<br>s. dr Zofia Mol\u0119da<br>\n          <br>\n        <\/p>\n      <\/div>\n    <\/section>\n    <section class=\"u-align-left u-clearfix u-container-align-left u-grey-10 u-section-4\" id=\"block-6\">\n      <div class=\"u-clearfix u-sheet u-valign-middle-lg u-valign-middle-md u-valign-middle-sm u-valign-middle-xs u-sheet-1\"><\/div>\n    <\/section>\n    \n    \n    \n    \n  \n<\/div>","protected":false},"excerpt":{"rendered":"<p>Katecheza Archidiecezji Lubelskiej Centrum Katechetyczne mie\u015bci si\u0119 na dolnym placu Kurii Metropolitalnej w Lublinie ul. Prym. Stefana Wyszy\u0144skiego 220 &#8211; 105 Lublin Doradca metodyczny: ks. dr Pawe\u0142 Hodorek&nbsp;tel. 513 747 962e-mail: phodorek@lscdn.pl Eksperci ds. awansu zawodowego nauczycieli: ks. mgr lic. Zdzis\u0142aw Kuczkos. dr Zofia Mol\u0119da<\/p>\n","protected":false},"author":1,"featured_media":0,"parent":0,"menu_order":0,"comment_status":"closed","ping_status":"closed","template":"","meta":{"footnotes":""},"class_list":["post-2001","page","type-page","status-publish","hentry"],"_links":{"self":[{"href":"https:\/\/katecheza.diecezja.lublin.pl\/index.php\/wp-json\/wp\/v2\/pages\/2001","targetHints":{"allow":["GET"]}}],"collection":[{"href":"https:\/\/katecheza.diecezja.lublin.pl\/index.php\/wp-json\/wp\/v2\/pages"}],"about":[{"href":"https:\/\/katecheza.diecezja.lublin.pl\/index.php\/wp-json\/wp\/v2\/types\/page"}],"author":[{"embeddable":true,"href":"https:\/\/katecheza.diecezja.lublin.pl\/index.php\/wp-json\/wp\/v2\/users\/1"}],"replies":[{"embeddable":true,"href":"https:\/\/katecheza.diecezja.lublin.pl\/index.php\/wp-json\/wp\/v2\/comments?post=2001"}],"version-history":[{"count":6,"href":"https:\/\/katecheza.diecezja.lublin.pl\/index.php\/wp-json\/wp\/v2\/pages\/2001\/revisions"}],"predecessor-version":[{"id":3817,"href":"https:\/\/katecheza.diecezja.lublin.pl\/index.php\/wp-json\/wp\/v2\/pages\/2001\/revisions\/3817"}],"wp:attachment":[{"href":"https:\/\/katecheza.diecezja.lublin.pl\/index.php\/wp-json\/wp\/v2\/media?parent=2001"}],"curies":[{"name":"wp","href":"https:\/\/api.w.org\/{rel}","templated":true}]}}